{"id":180,"date":"2018-08-31T12:26:16","date_gmt":"2018-08-31T10:26:16","guid":{"rendered":"http:\/\/bbserwis.com.pl\/?page_id=180"},"modified":"2023-10-28T00:34:04","modified_gmt":"2023-10-27T22:34:04","slug":"portfolio","status":"publish","type":"page","link":"https:\/\/bbserwis.com.pl\/?page_id=180","title":{"rendered":"Portfolio"},"content":{"rendered":"<p style=\"text-align: center;\"><strong>Galeria<br \/>\n<\/strong><\/p>\n\n\t\t<style type=\"text\/css\">\n\t\t\t#gallery-1 {\n\t\t\t\tmargin: auto;\n\t\t\t}\n\t\t\t#gallery-1 .gallery-item {\n\t\t\t\tfloat: left;\n\t\t\t\tmargin-top: 10px;\n\t\t\t\ttext-align: center;\n\t\t\t\twidth: 33%;\n\t\t\t}\n\t\t\t#gallery-1 img {\n\t\t\t\tborder: 2px solid #cfcfcf;\n\t\t\t}\n\t\t\t#gallery-1 .gallery-caption {\n\t\t\t\tmargin-left: 0;\n\t\t\t}\n\t\t\t\/* see gallery_shortcode() in wp-includes\/media.php *\/\n\t\t<\/style>\n\t\t<div id='gallery-1' class='gallery galleryid-180 gallery-columns-3 gallery-size-full'><dl class='gallery-item'>\n\t\t\t<dt class='gallery-icon landscape'>\n\t\t\t\t<a href='https:\/\/bbserwis.com.pl\/?attachment_id=336'><img loading=\"lazy\" decoding=\"async\" width=\"1008\" height=\"756\" src=\"https:\/\/bbserwis.com.pl\/wp-content\/uploads\/2023\/10\/Auto01.jpg\" class=\"attachment-full size-full\" alt=\"\" aria-describedby=\"gallery-1-336\" srcset=\"https:\/\/bbserwis.com.pl\/wp-content\/uploads\/2023\/10\/Auto01.jpg 1008w, https:\/\/bbserwis.com.pl\/wp-content\/uploads\/2023\/10\/Auto01-300x225.jpg 300w, https:\/\/bbserwis.com.pl\/wp-content\/uploads\/2023\/10\/Auto01-768x576.jpg 768w\" sizes=\"auto, (max-width: 1008px) 100vw, 1008px\" \/><\/a>\n\t\t\t<\/dt>\n\t\t\t\t<dd class='wp-caption-text gallery-caption' id='gallery-1-336'>\n\t\t\t\tAutomatyka maszyny drukarskiej\n\t\t\t\t<\/dd><\/dl><dl class='gallery-item'>\n\t\t\t<dt class='gallery-icon landscape'>\n\t\t\t\t<a href='https:\/\/bbserwis.com.pl\/?attachment_id=337'><img loading=\"lazy\" decoding=\"async\" width=\"1000\" height=\"750\" src=\"https:\/\/bbserwis.com.pl\/wp-content\/uploads\/2023\/10\/Auto2.jpg\" class=\"attachment-full size-full\" alt=\"\" aria-describedby=\"gallery-1-337\" srcset=\"https:\/\/bbserwis.com.pl\/wp-content\/uploads\/2023\/10\/Auto2.jpg 1000w, https:\/\/bbserwis.com.pl\/wp-content\/uploads\/2023\/10\/Auto2-300x225.jpg 300w, https:\/\/bbserwis.com.pl\/wp-content\/uploads\/2023\/10\/Auto2-768x576.jpg 768w\" sizes=\"auto, (max-width: 1000px) 100vw, 1000px\" \/><\/a>\n\t\t\t<\/dt>\n\t\t\t\t<dd class='wp-caption-text gallery-caption' id='gallery-1-337'>\n\t\t\t\tSterowania\n\t\t\t\t<\/dd><\/dl><dl class='gallery-item'>\n\t\t\t<dt class='gallery-icon landscape'>\n\t\t\t\t<a href='https:\/\/bbserwis.com.pl\/?attachment_id=338'><img loading=\"lazy\" decoding=\"async\" width=\"1000\" height=\"750\" src=\"https:\/\/bbserwis.com.pl\/wp-content\/uploads\/2023\/10\/Auto3.jpg\" class=\"attachment-full size-full\" alt=\"\" aria-describedby=\"gallery-1-338\" srcset=\"https:\/\/bbserwis.com.pl\/wp-content\/uploads\/2023\/10\/Auto3.jpg 1000w, https:\/\/bbserwis.com.pl\/wp-content\/uploads\/2023\/10\/Auto3-300x225.jpg 300w, https:\/\/bbserwis.com.pl\/wp-content\/uploads\/2023\/10\/Auto3-768x576.jpg 768w\" sizes=\"auto, (max-width: 1000px) 100vw, 1000px\" \/><\/a>\n\t\t\t<\/dt>\n\t\t\t\t<dd class='wp-caption-text gallery-caption' id='gallery-1-338'>\n\t\t\t\tMonitoring sygna\u0142\u00f3w i pomiar\u00f3w elektrycznych\n\t\t\t\t<\/dd><\/dl><br style=\"clear: both\" \/><dl class='gallery-item'>\n\t\t\t<dt class='gallery-icon portrait'>\n\t\t\t\t<a href='https:\/\/bbserwis.com.pl\/?attachment_id=339'><img loading=\"lazy\" decoding=\"async\" width=\"750\" height=\"1000\" src=\"https:\/\/bbserwis.com.pl\/wp-content\/uploads\/2023\/10\/Auto4.jpg\" class=\"attachment-full size-full\" alt=\"\" aria-describedby=\"gallery-1-339\" srcset=\"https:\/\/bbserwis.com.pl\/wp-content\/uploads\/2023\/10\/Auto4.jpg 750w, https:\/\/bbserwis.com.pl\/wp-content\/uploads\/2023\/10\/Auto4-225x300.jpg 225w\" sizes=\"auto, (max-width: 750px) 100vw, 750px\" \/><\/a>\n\t\t\t<\/dt>\n\t\t\t\t<dd class='wp-caption-text gallery-caption' id='gallery-1-339'>\n\t\t\t\tDodatkowe sterowanie wody ch\u0142odz\u0105cej do spr\u0119\u017carki i dodatkowe pomiary obiektowe\n\t\t\t\t<\/dd><\/dl><dl class='gallery-item'>\n\t\t\t<dt class='gallery-icon landscape'>\n\t\t\t\t<a href='https:\/\/bbserwis.com.pl\/?attachment_id=340'><img loading=\"lazy\" decoding=\"async\" width=\"1000\" height=\"750\" src=\"https:\/\/bbserwis.com.pl\/wp-content\/uploads\/2023\/10\/Auto5.jpg\" class=\"attachment-full size-full\" alt=\"\" aria-describedby=\"gallery-1-340\" srcset=\"https:\/\/bbserwis.com.pl\/wp-content\/uploads\/2023\/10\/Auto5.jpg 1000w, https:\/\/bbserwis.com.pl\/wp-content\/uploads\/2023\/10\/Auto5-300x225.jpg 300w, https:\/\/bbserwis.com.pl\/wp-content\/uploads\/2023\/10\/Auto5-768x576.jpg 768w\" sizes=\"auto, (max-width: 1000px) 100vw, 1000px\" \/><\/a>\n\t\t\t<\/dt>\n\t\t\t\t<dd class='wp-caption-text gallery-caption' id='gallery-1-340'>\n\t\t\t\tPod\u0142\u0105czenia urz\u0105dze\u0144 Endress&#038;Hauser\n\t\t\t\t<\/dd><\/dl><dl class='gallery-item'>\n\t\t\t<dt class='gallery-icon portrait'>\n\t\t\t\t<a href='https:\/\/bbserwis.com.pl\/?attachment_id=341'><img loading=\"lazy\" decoding=\"async\" width=\"1500\" height=\"2000\" src=\"https:\/\/bbserwis.com.pl\/wp-content\/uploads\/2023\/10\/Fiber01.jpg\" class=\"attachment-full size-full\" alt=\"\" aria-describedby=\"gallery-1-341\" srcset=\"https:\/\/bbserwis.com.pl\/wp-content\/uploads\/2023\/10\/Fiber01.jpg 1500w, https:\/\/bbserwis.com.pl\/wp-content\/uploads\/2023\/10\/Fiber01-225x300.jpg 225w, https:\/\/bbserwis.com.pl\/wp-content\/uploads\/2023\/10\/Fiber01-768x1024.jpg 768w, https:\/\/bbserwis.com.pl\/wp-content\/uploads\/2023\/10\/Fiber01-1152x1536.jpg 1152w\" sizes=\"auto, (max-width: 1500px) 100vw, 1500px\" \/><\/a>\n\t\t\t<\/dt>\n\t\t\t\t<dd class='wp-caption-text gallery-caption' id='gallery-1-341'>\n\t\t\t\t\u015awiat\u0142owody\n\t\t\t\t<\/dd><\/dl><br style=\"clear: both\" \/><dl class='gallery-item'>\n\t\t\t<dt class='gallery-icon landscape'>\n\t\t\t\t<a href='https:\/\/bbserwis.com.pl\/?attachment_id=342'><img loading=\"lazy\" decoding=\"async\" width=\"1008\" height=\"756\" src=\"https:\/\/bbserwis.com.pl\/wp-content\/uploads\/2023\/10\/Fiber02.jpg\" class=\"attachment-full size-full\" alt=\"\" aria-describedby=\"gallery-1-342\" srcset=\"https:\/\/bbserwis.com.pl\/wp-content\/uploads\/2023\/10\/Fiber02.jpg 1008w, https:\/\/bbserwis.com.pl\/wp-content\/uploads\/2023\/10\/Fiber02-300x225.jpg 300w, https:\/\/bbserwis.com.pl\/wp-content\/uploads\/2023\/10\/Fiber02-768x576.jpg 768w\" sizes=\"auto, (max-width: 1008px) 100vw, 1008px\" \/><\/a>\n\t\t\t<\/dt>\n\t\t\t\t<dd class='wp-caption-text gallery-caption' id='gallery-1-342'>\n\t\t\t\tSpawanie \u015bwiat\u0142owod\u00f3w\n\t\t\t\t<\/dd><\/dl><dl class='gallery-item'>\n\t\t\t<dt class='gallery-icon portrait'>\n\t\t\t\t<a href='https:\/\/bbserwis.com.pl\/?attachment_id=343'><img loading=\"lazy\" decoding=\"async\" width=\"756\" height=\"1008\" src=\"https:\/\/bbserwis.com.pl\/wp-content\/uploads\/2023\/10\/Fiber03.jpg\" class=\"attachment-full size-full\" alt=\"\" aria-describedby=\"gallery-1-343\" srcset=\"https:\/\/bbserwis.com.pl\/wp-content\/uploads\/2023\/10\/Fiber03.jpg 756w, https:\/\/bbserwis.com.pl\/wp-content\/uploads\/2023\/10\/Fiber03-225x300.jpg 225w\" sizes=\"auto, (max-width: 756px) 100vw, 756px\" \/><\/a>\n\t\t\t<\/dt>\n\t\t\t\t<dd class='wp-caption-text gallery-caption' id='gallery-1-343'>\n\t\t\t\tNaprawa \u015bwiat\u0142owod\u00f3w\n\t\t\t\t<\/dd><\/dl><dl class='gallery-item'>\n\t\t\t<dt class='gallery-icon landscape'>\n\t\t\t\t<a href='https:\/\/bbserwis.com.pl\/?attachment_id=344'><img loading=\"lazy\" decoding=\"async\" width=\"1008\" height=\"756\" src=\"https:\/\/bbserwis.com.pl\/wp-content\/uploads\/2023\/10\/Fiber04.jpg\" class=\"attachment-full size-full\" alt=\"\" aria-describedby=\"gallery-1-344\" srcset=\"https:\/\/bbserwis.com.pl\/wp-content\/uploads\/2023\/10\/Fiber04.jpg 1008w, https:\/\/bbserwis.com.pl\/wp-content\/uploads\/2023\/10\/Fiber04-300x225.jpg 300w, https:\/\/bbserwis.com.pl\/wp-content\/uploads\/2023\/10\/Fiber04-768x576.jpg 768w\" sizes=\"auto, (max-width: 1008px) 100vw, 1008px\" \/><\/a>\n\t\t\t<\/dt>\n\t\t\t\t<dd class='wp-caption-text gallery-caption' id='gallery-1-344'>\n\t\t\t\tPomiary \u015bwiat\u0142owod\u00f3w SM i MM\n\t\t\t\t<\/dd><\/dl><br style=\"clear: both\" \/><dl class='gallery-item'>\n\t\t\t<dt class='gallery-icon landscape'>\n\t\t\t\t<a href='https:\/\/bbserwis.com.pl\/?attachment_id=345'><img loading=\"lazy\" decoding=\"async\" width=\"1000\" height=\"750\" src=\"https:\/\/bbserwis.com.pl\/wp-content\/uploads\/2023\/10\/Spotkanie01.jpg\" class=\"attachment-full size-full\" alt=\"\" aria-describedby=\"gallery-1-345\" srcset=\"https:\/\/bbserwis.com.pl\/wp-content\/uploads\/2023\/10\/Spotkanie01.jpg 1000w, https:\/\/bbserwis.com.pl\/wp-content\/uploads\/2023\/10\/Spotkanie01-300x225.jpg 300w, https:\/\/bbserwis.com.pl\/wp-content\/uploads\/2023\/10\/Spotkanie01-768x576.jpg 768w\" sizes=\"auto, (max-width: 1000px) 100vw, 1000px\" \/><\/a>\n\t\t\t<\/dt>\n\t\t\t\t<dd class='wp-caption-text gallery-caption' id='gallery-1-345'>\n\t\t\t\tSpotkanie w siedzibie ASTOR\n\t\t\t\t<\/dd><\/dl><dl class='gallery-item'>\n\t\t\t<dt class='gallery-icon landscape'>\n\t\t\t\t<a href='https:\/\/bbserwis.com.pl\/?attachment_id=346'><img loading=\"lazy\" decoding=\"async\" width=\"1000\" height=\"750\" src=\"https:\/\/bbserwis.com.pl\/wp-content\/uploads\/2023\/10\/Spotkanie02.jpg\" class=\"attachment-full size-full\" alt=\"\" aria-describedby=\"gallery-1-346\" srcset=\"https:\/\/bbserwis.com.pl\/wp-content\/uploads\/2023\/10\/Spotkanie02.jpg 1000w, https:\/\/bbserwis.com.pl\/wp-content\/uploads\/2023\/10\/Spotkanie02-300x225.jpg 300w, https:\/\/bbserwis.com.pl\/wp-content\/uploads\/2023\/10\/Spotkanie02-768x576.jpg 768w\" sizes=\"auto, (max-width: 1000px) 100vw, 1000px\" \/><\/a>\n\t\t\t<\/dt>\n\t\t\t\t<dd class='wp-caption-text gallery-caption' id='gallery-1-346'>\n\t\t\t\tSpotkanie w siedzibie ASTOR\n\t\t\t\t<\/dd><\/dl><dl class='gallery-item'>\n\t\t\t<dt class='gallery-icon portrait'>\n\t\t\t\t<a href='https:\/\/bbserwis.com.pl\/?attachment_id=348'><img loading=\"lazy\" decoding=\"async\" width=\"756\" height=\"1008\" src=\"https:\/\/bbserwis.com.pl\/wp-content\/uploads\/2023\/10\/Backup01.jpg\" class=\"attachment-full size-full\" alt=\"\" aria-describedby=\"gallery-1-348\" srcset=\"https:\/\/bbserwis.com.pl\/wp-content\/uploads\/2023\/10\/Backup01.jpg 756w, https:\/\/bbserwis.com.pl\/wp-content\/uploads\/2023\/10\/Backup01-225x300.jpg 225w\" sizes=\"auto, (max-width: 756px) 100vw, 756px\" \/><\/a>\n\t\t\t<\/dt>\n\t\t\t\t<dd class='wp-caption-text gallery-caption' id='gallery-1-348'>\n\t\t\t\tBackup kart firmware maszyny drukarskiej\n\t\t\t\t<\/dd><\/dl><br style=\"clear: both\" \/><dl class='gallery-item'>\n\t\t\t<dt class='gallery-icon portrait'>\n\t\t\t\t<a href='https:\/\/bbserwis.com.pl\/?attachment_id=349'><img loading=\"lazy\" decoding=\"async\" width=\"756\" height=\"1008\" src=\"https:\/\/bbserwis.com.pl\/wp-content\/uploads\/2023\/10\/Net01.jpg\" class=\"attachment-full size-full\" alt=\"\" aria-describedby=\"gallery-1-349\" srcset=\"https:\/\/bbserwis.com.pl\/wp-content\/uploads\/2023\/10\/Net01.jpg 756w, https:\/\/bbserwis.com.pl\/wp-content\/uploads\/2023\/10\/Net01-225x300.jpg 225w\" sizes=\"auto, (max-width: 756px) 100vw, 756px\" \/><\/a>\n\t\t\t<\/dt>\n\t\t\t\t<dd class='wp-caption-text gallery-caption' id='gallery-1-349'>\n\t\t\t\tSieci strukturalne\n\t\t\t\t<\/dd><\/dl><dl class='gallery-item'>\n\t\t\t<dt class='gallery-icon portrait'>\n\t\t\t\t<a href='https:\/\/bbserwis.com.pl\/?attachment_id=350'><img loading=\"lazy\" decoding=\"async\" width=\"756\" height=\"1008\" src=\"https:\/\/bbserwis.com.pl\/wp-content\/uploads\/2023\/10\/Pomiar01.jpg\" class=\"attachment-full size-full\" alt=\"\" aria-describedby=\"gallery-1-350\" srcset=\"https:\/\/bbserwis.com.pl\/wp-content\/uploads\/2023\/10\/Pomiar01.jpg 756w, https:\/\/bbserwis.com.pl\/wp-content\/uploads\/2023\/10\/Pomiar01-225x300.jpg 225w\" sizes=\"auto, (max-width: 756px) 100vw, 756px\" \/><\/a>\n\t\t\t<\/dt>\n\t\t\t\t<dd class='wp-caption-text gallery-caption' id='gallery-1-350'>\n\t\t\t\tPomiar spr\u0119\u017conego powietrza\n\t\t\t\t<\/dd><\/dl><dl class='gallery-item'>\n\t\t\t<dt class='gallery-icon landscape'>\n\t\t\t\t<a href='https:\/\/bbserwis.com.pl\/?attachment_id=351'><img loading=\"lazy\" decoding=\"async\" width=\"1008\" height=\"756\" src=\"https:\/\/bbserwis.com.pl\/wp-content\/uploads\/2023\/10\/Przekladniki.jpg\" class=\"attachment-full size-full\" alt=\"\" aria-describedby=\"gallery-1-351\" srcset=\"https:\/\/bbserwis.com.pl\/wp-content\/uploads\/2023\/10\/Przekladniki.jpg 1008w, https:\/\/bbserwis.com.pl\/wp-content\/uploads\/2023\/10\/Przekladniki-300x225.jpg 300w, https:\/\/bbserwis.com.pl\/wp-content\/uploads\/2023\/10\/Przekladniki-768x576.jpg 768w\" sizes=\"auto, (max-width: 1008px) 100vw, 1008px\" \/><\/a>\n\t\t\t<\/dt>\n\t\t\t\t<dd class='wp-caption-text gallery-caption' id='gallery-1-351'>\n\t\t\t\tPrzek\u0142adniki &#8211; pomiar z fotowoltaiki na analizator\n\t\t\t\t<\/dd><\/dl><br style=\"clear: both\" \/><dl class='gallery-item'>\n\t\t\t<dt class='gallery-icon landscape'>\n\t\t\t\t<a href='https:\/\/bbserwis.com.pl\/?attachment_id=352'><img loading=\"lazy\" decoding=\"async\" width=\"1000\" height=\"750\" src=\"https:\/\/bbserwis.com.pl\/wp-content\/uploads\/2023\/10\/Roger01.jpg\" class=\"attachment-full size-full\" alt=\"\" aria-describedby=\"gallery-1-352\" srcset=\"https:\/\/bbserwis.com.pl\/wp-content\/uploads\/2023\/10\/Roger01.jpg 1000w, https:\/\/bbserwis.com.pl\/wp-content\/uploads\/2023\/10\/Roger01-300x225.jpg 300w, https:\/\/bbserwis.com.pl\/wp-content\/uploads\/2023\/10\/Roger01-768x576.jpg 768w\" sizes=\"auto, (max-width: 1000px) 100vw, 1000px\" \/><\/a>\n\t\t\t<\/dt>\n\t\t\t\t<dd class='wp-caption-text gallery-caption' id='gallery-1-352'>\n\t\t\t\tRoger &#8211; Kontrola dost\u0119pu do magazynu\n\t\t\t\t<\/dd><\/dl><dl class='gallery-item'>\n\t\t\t<dt class='gallery-icon landscape'>\n\t\t\t\t<a href='https:\/\/bbserwis.com.pl\/?attachment_id=353'><img loading=\"lazy\" decoding=\"async\" width=\"1000\" height=\"750\" src=\"https:\/\/bbserwis.com.pl\/wp-content\/uploads\/2023\/10\/Roger02.jpg\" class=\"attachment-full size-full\" alt=\"\" aria-describedby=\"gallery-1-353\" srcset=\"https:\/\/bbserwis.com.pl\/wp-content\/uploads\/2023\/10\/Roger02.jpg 1000w, https:\/\/bbserwis.com.pl\/wp-content\/uploads\/2023\/10\/Roger02-300x225.jpg 300w, https:\/\/bbserwis.com.pl\/wp-content\/uploads\/2023\/10\/Roger02-768x576.jpg 768w\" sizes=\"auto, (max-width: 1000px) 100vw, 1000px\" \/><\/a>\n\t\t\t<\/dt>\n\t\t\t\t<dd class='wp-caption-text gallery-caption' id='gallery-1-353'>\n\t\t\t\tRoger &#8211; kontrola dost\u0119pu kontroler 4 przej\u015b\u0107\n\t\t\t\t<\/dd><\/dl><dl class='gallery-item'>\n\t\t\t<dt class='gallery-icon portrait'>\n\t\t\t\t<a href='https:\/\/bbserwis.com.pl\/?attachment_id=354'><img loading=\"lazy\" decoding=\"async\" width=\"756\" height=\"1008\" src=\"https:\/\/bbserwis.com.pl\/wp-content\/uploads\/2023\/10\/Rozdzielnia01.jpg\" class=\"attachment-full size-full\" alt=\"\" aria-describedby=\"gallery-1-354\" srcset=\"https:\/\/bbserwis.com.pl\/wp-content\/uploads\/2023\/10\/Rozdzielnia01.jpg 756w, https:\/\/bbserwis.com.pl\/wp-content\/uploads\/2023\/10\/Rozdzielnia01-225x300.jpg 225w\" sizes=\"auto, (max-width: 756px) 100vw, 756px\" \/><\/a>\n\t\t\t<\/dt>\n\t\t\t\t<dd class='wp-caption-text gallery-caption' id='gallery-1-354'>\n\t\t\t\tPocz\u0105tek pracy nad rozdzielni\u0105 w budynku\n\t\t\t\t<\/dd><\/dl><br style=\"clear: both\" \/><dl class='gallery-item'>\n\t\t\t<dt class='gallery-icon portrait'>\n\t\t\t\t<a href='https:\/\/bbserwis.com.pl\/?attachment_id=356'><img loading=\"lazy\" decoding=\"async\" width=\"756\" height=\"1008\" src=\"https:\/\/bbserwis.com.pl\/wp-content\/uploads\/2023\/10\/RSGaz01.jpg\" class=\"attachment-full size-full\" alt=\"\" aria-describedby=\"gallery-1-356\" srcset=\"https:\/\/bbserwis.com.pl\/wp-content\/uploads\/2023\/10\/RSGaz01.jpg 756w, https:\/\/bbserwis.com.pl\/wp-content\/uploads\/2023\/10\/RSGaz01-225x300.jpg 225w\" sizes=\"auto, (max-width: 756px) 100vw, 756px\" \/><\/a>\n\t\t\t<\/dt>\n\t\t\t\t<dd class='wp-caption-text gallery-caption' id='gallery-1-356'>\n\t\t\t\tKod\u0142\u0105czanie transmisji z krzelicznika gazu\n\t\t\t\t<\/dd><\/dl><dl class='gallery-item'>\n\t\t\t<dt class='gallery-icon landscape'>\n\t\t\t\t<a href='https:\/\/bbserwis.com.pl\/?attachment_id=357'><img loading=\"lazy\" decoding=\"async\" width=\"1008\" height=\"756\" src=\"https:\/\/bbserwis.com.pl\/wp-content\/uploads\/2023\/10\/RSGaz02.jpg\" class=\"attachment-full size-full\" alt=\"\" aria-describedby=\"gallery-1-357\" srcset=\"https:\/\/bbserwis.com.pl\/wp-content\/uploads\/2023\/10\/RSGaz02.jpg 1008w, https:\/\/bbserwis.com.pl\/wp-content\/uploads\/2023\/10\/RSGaz02-300x225.jpg 300w, https:\/\/bbserwis.com.pl\/wp-content\/uploads\/2023\/10\/RSGaz02-768x576.jpg 768w\" sizes=\"auto, (max-width: 1008px) 100vw, 1008px\" \/><\/a>\n\t\t\t<\/dt>\n\t\t\t\t<dd class='wp-caption-text gallery-caption' id='gallery-1-357'>\n\t\t\t\tTransmisja RSGaz\n\t\t\t\t<\/dd><\/dl><dl class='gallery-item'>\n\t\t\t<dt class='gallery-icon landscape'>\n\t\t\t\t<a href='https:\/\/bbserwis.com.pl\/?attachment_id=358'><img loading=\"lazy\" decoding=\"async\" width=\"1008\" height=\"756\" src=\"https:\/\/bbserwis.com.pl\/wp-content\/uploads\/2023\/10\/Targi01.jpg\" class=\"attachment-full size-full\" alt=\"\" aria-describedby=\"gallery-1-358\" srcset=\"https:\/\/bbserwis.com.pl\/wp-content\/uploads\/2023\/10\/Targi01.jpg 1008w, https:\/\/bbserwis.com.pl\/wp-content\/uploads\/2023\/10\/Targi01-300x225.jpg 300w, https:\/\/bbserwis.com.pl\/wp-content\/uploads\/2023\/10\/Targi01-768x576.jpg 768w\" sizes=\"auto, (max-width: 1008px) 100vw, 1008px\" \/><\/a>\n\t\t\t<\/dt>\n\t\t\t\t<dd class='wp-caption-text gallery-caption' id='gallery-1-358'>\n\t\t\t\tTargi PTAK Warsaw Industry\n\t\t\t\t<\/dd><\/dl><br style=\"clear: both\" \/><dl class='gallery-item'>\n\t\t\t<dt class='gallery-icon landscape'>\n\t\t\t\t<a href='https:\/\/bbserwis.com.pl\/?attachment_id=359'><img loading=\"lazy\" decoding=\"async\" width=\"1008\" height=\"756\" src=\"https:\/\/bbserwis.com.pl\/wp-content\/uploads\/2023\/10\/Targi02.jpg\" class=\"attachment-full size-full\" alt=\"\" aria-describedby=\"gallery-1-359\" srcset=\"https:\/\/bbserwis.com.pl\/wp-content\/uploads\/2023\/10\/Targi02.jpg 1008w, https:\/\/bbserwis.com.pl\/wp-content\/uploads\/2023\/10\/Targi02-300x225.jpg 300w, https:\/\/bbserwis.com.pl\/wp-content\/uploads\/2023\/10\/Targi02-768x576.jpg 768w\" sizes=\"auto, (max-width: 1008px) 100vw, 1008px\" \/><\/a>\n\t\t\t<\/dt>\n\t\t\t\t<dd class='wp-caption-text gallery-caption' id='gallery-1-359'>\n\t\t\t\tPremiera OPTA &#8211; przemys\u0142owa wersja Arduino\n\t\t\t\t<\/dd><\/dl>\n\t\t\t<br style='clear: both' \/>\n\t\t<\/div>\n\n","protected":false},"excerpt":{"rendered":"<p>Galeria<\/p>\n","protected":false},"author":1,"featured_media":0,"parent":0,"menu_order":0,"comment_status":"closed","ping_status":"closed","template":"template\/template-page-full-width.php","meta":{"footnotes":""},"class_list":["post-180","page","type-page","status-publish","hentry"],"_links":{"self":[{"href":"https:\/\/bbserwis.com.pl\/index.php?rest_route=\/wp\/v2\/pages\/180","targetHints":{"allow":["GET"]}}],"collection":[{"href":"https:\/\/bbserwis.com.pl\/index.php?rest_route=\/wp\/v2\/pages"}],"about":[{"href":"https:\/\/bbserwis.com.pl\/index.php?rest_route=\/wp\/v2\/types\/page"}],"author":[{"embeddable":true,"href":"https:\/\/bbserwis.com.pl\/index.php?rest_route=\/wp\/v2\/users\/1"}],"replies":[{"embeddable":true,"href":"https:\/\/bbserwis.com.pl\/index.php?rest_route=%2Fwp%2Fv2%2Fcomments&post=180"}],"version-history":[{"count":10,"href":"https:\/\/bbserwis.com.pl\/index.php?rest_route=\/wp\/v2\/pages\/180\/revisions"}],"predecessor-version":[{"id":360,"href":"https:\/\/bbserwis.com.pl\/index.php?rest_route=\/wp\/v2\/pages\/180\/revisions\/360"}],"wp:attachment":[{"href":"https:\/\/bbserwis.com.pl\/index.php?rest_route=%2Fwp%2Fv2%2Fmedia&parent=180"}],"curies":[{"name":"wp","href":"https:\/\/api.w.org\/{rel}","templated":true}]}}